 remainder when 3487937 is divided by 1743966?
5
Calculate the remainder when 5586210 is divided by 156.
6
What is the remainder when 195050290 is divided by 197?
196
What is the remainder when 170587401 is divided by 10661712?
9
Calculate the remainder when 607960 is divided by 1815.
1750
Calculate the remainder when 264035 is divided by 66007.
7
What is the remainder when 934482 is divided by 233607?
54
What is the remainder when 975035 is divided by 128?
59
What is the remainder when 325506 is divided by 14150?
56
What is the remainder when 706308 is divided by 520?
148
What is the remainder when 357631 is divided by 4158?
43
Calculate the remainder when 110474 is divided by 15090.
4844
Calculate the remainder when 4137195 is divided by 2068359.
477
What is the remainder when 2460342 is divided by 97?
34
What is the remainder when 3485123 is divided by 33836?
15
Calculate the remainder when 725466872 is divided by 10495.
10492
Calculate the remainder when 333109 is divided by 14482.
23
Calculate the remainder when 1183698 is divided by 12865.
118
What is the remainder when 151015 is divided by 222?
55
Calculate the remainder when 7660275 is divided by 3063.
2775
What is the remainder when 671715 is divided by 5?
0
Calculate the remainder when 72683 is divided by 2420.
83
What is the remainder when 694551 is divided by 13356?
39
What is the remainder when 18800197 is divided by 1253344?
37
Calculate the remainder when 486113 is divided by 28594.
15
Calculate the remainder when 6783 is divided by 319.
84
Calculate the remainder when 99673 is divided by 1346.
69
What is the remainder when 11474215 is divided by 119?
116
What is the remainder when 181283033 is divided by 2029?
2028
What is the remainder when 2767593 is divided by 922208?
969
Calculate the remainder when 4614328 is divided by 3459.
22
What is the remainder when 10294204 is divided by 1346?
1342
What is the remainder when 58733 is divided by 373?
172
What is the remainder when 2347976 is divided by 90305?
46
What is the remainder when 343559732 is divided by 3679?
3675
What is the remainder when 1463778 is divided by 54212?
54
What is the remainder when 103945437 is divided by 120?
117
Calculate the remainder when 37375506 is divided by 8435.
21
What is the remainder when 173394486 is divided by 2513?
2512
What is the remainder when 11426542 is divided by 307?
2
Calculate the remainder when 110556 is divided by 2350.
106
Calculate the remainder when 121584734 is divided by 35.
19
Calculate the remainder when 20060405 is divided by 37.
4
What is the remainder when 237427 is divided by 357?
22
What is the remainder when 19978884 is divided by 291?
279
What is the remainder when 3609175751 is divided by 21?
20
Calculate the remainder when 5623802 is divided by 433.
431
Calculate the remainder when 41056526 is divided by 969.
965
What is the remainder when 8957997 is divided by 163?
6
What is the remainder when 7829775 is divided by 19?
8
What is the remainder when 351086 is divided by 351043?
43
What is the remainder when 14263211 is divided by 307?
298
Calculate the remainder when 306951 is divided by 152762.
1427
Calculate the remainder when 122708 is divided by 1752.
68
What is the remainder when 174760185 is divided by 248592?
9
Calculate the remainder when 2160553 is divided by 107.
9
What is the remainder when 4609252 is divided by 1152310?
12
Calculate the remainder when 232179 is divided by 2276.
27
Calculate the remainder when 5494150 is divided by 404.
154
What is the remainder when 8065924 is divided by 666?
664
What is the remainder when 35795836 is divided by 23?
16
What is the remainder when 3778883 is divided by 7650?
7433
What is the remainder when 34383 is divided by 1467?
642
Calculate the remainder when 17867 is divided by 14884.
2983
What is the remainder when 235631 is divided by 2685?
2036
Calculate the remainder when 1057 is divided by 187.
122
Calculate the remainder when 88400 is divided by 88371.
29
Calculate the remainder when 570984 is divided by 59.
41
What is the remainder when 45619 is divided by 2168?
91
Calculate the remainder when 42161431 is divided by 2297.
2293
What is the remainder when 8819279 is divided by 12?
11
What is the remainder when 147108 is divided by 3425?
3258
What is the remainder when 61279216 is divided by 91?
89
What is the remainder when 16587456 is divided by 314?
92
What is the remainder when 2915903 is divided by 728974?
7
Calculate the remainder when 232375157 is divided by 555.
542
Calculate the remainder when 35270835 is divided by 49.
47
What is the remainder when 1506934 is divided by 2236?
2106
What is the remainder when 121554 is divided by 5052?
306
What is the remainder when 57072129 is divided by 26?
23
What is the remainder when 34084 is divided by 2685?
1864
Calculate the remainder when 99334 is divided by 49449.
436
What is the remainder when 129872 is divided by 16223?
88
What is the remainder when 157799 is divided by 5035?
1714
Calculate the remainder when 11068935 is divided by 193.
192
What is the remainder when 40182839 is divided by 1380?
1379
Calculate the remainder when 42797965 is divided by 14.
7
Calculate the remainder when 13708229 is divided by 28.
17
Calculate the remainder when 9897 is divided by 110.
107
Calculate the remainder when 79342 is divided by 26429.
55
What is the remainder when 165345 is divided by 33067?
10
Calculate the remainder when 24788203 is divided by 15.
13
What is the remainder when 471589 is divided by 107?
40
Calculate the remainder when 8269963 is divided by 135.
133
Calculate the remainder when 4695 is divided by 787.
760
What is the remainder when 1397079 is divided by 6201?
1854
Calculate the remainder when 3032626 is divided by 17.
13
Calculate the remainder when 751954966 is divided by 250651655.
1
What is the remainder when 971737 is divided by 2958?
1513
Calculate the remainder when 78990 is divided by 155.
95
What is the remainder when 913892 is divided by 1012?
56
What is the remainder when 2196326 is divided by 253?
33
What is the remainder when 122056 is divided by 3322?
2464
What is the remainder when 130646247 is divided by 3950?
3947
Calculate the remainder when 35682 is divided by 805.
262
What is the remainder when 253124 is divided by 954?
314
What is the remainder when 310691 is divided by 1113?
164
Calculate the remainder when 52810 is divided by 17267.
1009
Calculate the remainder when 273022857 is divided by 11.
8
What is the remainder when 8647835 is divided by 4279?
4255
Calculate the remainder when 75318537 is divided by 695.
692
Calculate the remainder when 328278 is divided by 577.
542
Calculate the remainder when 74242 is divided by 375.
367
What is the remainder when 73012 is divided by 8702?
3396
Calculate the remainder when 422242 is divided by 1213.
118
Calculate the remainder when 306983 is divided by 9814.
2749
Calculate the remainder when 21698581 is divided by 586448.
5
What is the remainder when 6384494 is divided by 14?
4
What is the remainder when 133476 is divided by 26659?
181
What is the remainder when 8710780 is divided by 241966?
4
What is the remainder when 179630 is divided by 22431?
182
Calculate the remainder when 184783 is divided by 9722.
65
Calculate the remainder when 94773 is divided by 284.
201
What is the remainder when 355750 is divided by 324?
322
What is the remainder when 913851 is divided by 913147?
704
What is the remainder when 2087583 is divided by 32618?
31
What is the remainder when 340892 is divided by 101?
17
What is the remainder when 2134335 is divided by 2178?
2073
What is the remainder when 321074 is divided by 704?
50
Calculate the remainder when 24121 is divided by 1151.
1101
What is the remainder when 60142 is divided by 979?
423
What is the remainder when 2412072 is divided by 281?
249
What is the remainder when 961251 is divided by 332?
111
Calculate the remainder when 67428 is divided by 1.
0
What is the remainder when 3959717 is divided by 157?
20
Calculate the remainder when 575516541 is divided by 2191.
2189
Calculate the remainder when 255362 is divided by 63808.
130
Calculate the remainder when 95409 is divided by 31679.
372
Calculate the remainder when 216351993 is divided by 2993.
2988